{"id":1557,"date":"2026-03-26T10:02:44","date_gmt":"2026-03-26T10:02:44","guid":{"rendered":"https:\/\/kc.uniza.sk\/?page_id=1557"},"modified":"2026-03-29T16:15:43","modified_gmt":"2026-03-29T16:15:43","slug":"metodicke-materialy-pre-verejnu-spravu-a-expertna-cinnost","status":"publish","type":"page","link":"https:\/\/kc.uniza.sk\/?page_id=1557","title":{"rendered":"Metodick\u00e9 materi\u00e1ly pre verejn\u00fa spr\u00e1vu a expertn\u00e1 \u010dinnos\u0165"},"content":{"rendered":"\t\t<div data-elementor-type=\"wp-page\" data-elementor-id=\"1557\" class=\"elementor elementor-1557\">\n\t\t\t\t\t\t<section class=\"elementor-section elementor-top-section elementor-element elementor-element-a9da772 elementor-section-boxed elementor-section-height-default elementor-section-height-default sc_fly_static\" data-id=\"a9da772\" data-element_type=\"section\">\n\t\t\t\t\t\t<div class=\"elementor-container elementor-column-gap-extended\">\n\t\t\t\t\t<div class=\"elementor-column elementor-col-100 elementor-top-column elementor-element elementor-element-1b55759 sc_content_align_inherit sc_layouts_column_icons_position_left sc_fly_static\" data-id=\"1b55759\" data-element_type=\"column\">\n\t\t\t<div class=\"elementor-widget-wrap elementor-element-populated\">\n\t\t\t\t\t\t<div class=\"elementor-element elementor-element-8bcb77c sc_height_small sc_fly_static elementor-widget elementor-widget-spacer\" data-id=\"8bcb77c\" data-element_type=\"widget\" data-widget_type=\"spacer.default\">\n\t\t\t\t<div class=\"elementor-widget-container\">\n\t\t\t\t\t\t\t<div class=\"elementor-spacer\">\n\t\t\t<div class=\"elementor-spacer-inner\"><\/div>\n\t\t<\/div>\n\t\t\t\t\t\t<\/div>\n\t\t\t\t<\/div>\n\t\t\t\t\t<\/div>\n\t\t<\/div>\n\t\t\t\t\t<\/div>\n\t\t<\/section>\n\t\t\t\t<section class=\"elementor-section elementor-top-section elementor-element elementor-element-6386df51 elementor-section-content-middle elementor-section-boxed elementor-section-height-default elementor-section-height-default sc_fly_static\" data-id=\"6386df51\" data-element_type=\"section\">\n\t\t\t\t\t\t<div class=\"elementor-container elementor-column-gap-extended\">\n\t\t\t\t\t<div class=\"elementor-column elementor-col-100 elementor-top-column elementor-element elementor-element-12d5d9cf sc_content_align_inherit sc_layouts_column_icons_position_left sc_fly_static\" data-id=\"12d5d9cf\" data-element_type=\"column\">\n\t\t\t<div class=\"elementor-widget-wrap elementor-element-populated\">\n\t\t\t\t\t\t<div class=\"elementor-element elementor-element-373750c5 sc_fly_static elementor-widget elementor-widget-trx_sc_title\" data-id=\"373750c5\" data-element_type=\"widget\" data-widget_type=\"trx_sc_title.default\">\n\t\t\t\t<div class=\"elementor-widget-container\">\n\t\t\t\t\t<div\t\tclass=\"sc_title sc_title_default\" ><h2 class=\"sc_item_title sc_title_title sc_item_title_style_default sc_item_title_tag\"\n\t\t\t><span class=\"sc_item_title_text\">Metodick\u00e9 materi\u00e1ly pre verejn\u00fa spr\u00e1vu a expertn\u00e1 \u010dinnos\u0165<\/span><\/h2><\/div>\t\t\t\t<\/div>\n\t\t\t\t<\/div>\n\t\t\t\t<div class=\"elementor-element elementor-element-65e2946 sc_height_small sc_fly_static elementor-widget elementor-widget-spacer\" data-id=\"65e2946\" data-element_type=\"widget\" data-widget_type=\"spacer.default\">\n\t\t\t\t<div class=\"elementor-widget-container\">\n\t\t\t\t\t\t\t<div class=\"elementor-spacer\">\n\t\t\t<div class=\"elementor-spacer-inner\"><\/div>\n\t\t<\/div>\n\t\t\t\t\t\t<\/div>\n\t\t\t\t<\/div>\n\t\t\t\t<div class=\"elementor-element elementor-element-10be80b sc_fly_static elementor-widget elementor-widget-text-editor\" data-id=\"10be80b\" data-element_type=\"widget\" data-widget_type=\"text-editor.default\">\n\t\t\t\t<div class=\"elementor-widget-container\">\n\t\t\t\t\t\t\t\t\t<h4><strong>Metodick\u00e9 materi\u00e1ly pre verejn\u00fa spr\u00e1vu<\/strong><\/h4><p>Za \u00fa\u010delom poskytovania metodickej podpory pre verejn\u00fa spr\u00e1vu, KC KYB UNIZA systematicky sprac\u00fava metodick\u00e9 materi\u00e1ly.<\/p><p>V\u00a0r\u00e1mci projektu boli spracovan\u00e9 materi\u00e1ly k\u00a0aktu\u00e1lnym probl\u00e9mom KIB pre potreby verejnej spr\u00e1vy:<\/p><p>Metodick\u00fd materi\u00e1l 1:<strong><br \/>Usmernenie pre vzdel\u00e1vacie in\u0161tit\u00facie ako prev\u00e1dzkovate\u013eov z\u00e1kladnej slu\u017eby pod\u013ea novelizovan\u00e9ho z\u00e1kona o kybernetickej bezpe\u010dnosti.<\/strong><\/p><p style=\"padding-left: 40px;\">Usmernenie pre vzdel\u00e1vacie in\u0161tit\u00facie vysvet\u013euje, ako m\u00f4\u017eu by\u0165 \u0161koly a in\u00e9 vzdel\u00e1vacie subjekty zaraden\u00e9 medzi prev\u00e1dzkovate\u013eov z\u00e1kladnej slu\u017eby pod\u013ea novelizovan\u00e9ho z\u00e1kona o kybernetickej bezpe\u010dnosti. V\u010faka tomuto dokumentu si m\u00f4\u017eu in\u0161tit\u00facie jasne ur\u010di\u0165 svoj \u0161tat\u00fat a pochopi\u0165, ak\u00e9 povinnosti z toho pre ne vypl\u00fdvaj\u00fa.<\/p><p style=\"padding-left: 40px;\">Pln\u00e9 znenie dokumentu n\u00e1jdete tu: <a href=\"https:\/\/kc.uniza.sk\/wp-content\/uploads\/2025\/08\/Material-pre-potreby-VS-Usmernenie-pre-vzdelavacie-institucie-ako-PZS-podla-Zakona-o-KB.pdf\">Stiahnu\u0165 PDF<\/a><\/p><p>Metodick\u00fd materi\u00e1l 2:<br \/><strong>Anal\u00fdza dotazn\u00edka pre u\u010dite\u013eov z\u00e1kladn\u00fdch a stredn\u00fdch \u0161k\u00f4l. Povedomie u\u010dite\u013eov o\u00a0hrozb\u00e1ch online sveta a z\u00e1ujem o\u00a0vzdel\u00e1vanie.<\/strong><\/p><p style=\"padding-left: 40px;\">V dne\u0161nej digit\u00e1lnej dobe sa kybernetick\u00e1 bezpe\u010dnos\u0165 st\u00e1va neoddelite\u013enou s\u00fa\u010das\u0165ou fungovania vzdel\u00e1vac\u00edch in\u0161tit\u00faci\u00ed. S t\u00fdm v\u0161ak prich\u00e1dzaj\u00fa nov\u00e9 v\u00fdzvy nielen pre \u0161tudentov, ale aj pre pedagogick\u00fdch zamestnancov a vedenie \u0161k\u00f4l.<\/p><p style=\"padding-left: 40px;\">Anal\u00fdza dotazn\u00edka, do ktor\u00e9ho sa zapojilo 184 u\u010dite\u013eov z\u00e1kladn\u00fdch a stredn\u00fdch \u0161k\u00f4l na Slovensku, odhalila, \u017ee napriek rast\u00facemu z\u00e1ujmu, v\u00e4\u010d\u0161ina z nich poci\u0165uje, \u017ee m\u00e1 v tejto oblasti len z\u00e1kladn\u00e9 alebo nedostato\u010dn\u00e9 znalosti. V\u00fdskum, realizovan\u00fd Kompeten\u010dn\u00fdm centrom kybernetickej bezpe\u010dnosti UNIZA, zistil, \u017ee u\u010ditelia by radi absolvovali \u0161kolenia, najm\u00e4 na t\u00e9my ako prevencia kybernetickej \u0161ikany, ochrana osobn\u00fdch \u00fadajov \u010di rozpozn\u00e1vanie podvodn\u00fdch e-mailov. Zistenia z\u00e1rove\u0148 potvrdili, \u017ee kybernetick\u00e1 \u0161ikana je v \u0161kolskom prostred\u00ed re\u00e1lnym probl\u00e9mom, s ktor\u00fdm sa stretla viac ako polovica respondentov.<\/p><p style=\"padding-left: 40px;\">Pln\u00e9 znenie dokumentu n\u00e1jdete tu: <a href=\"https:\/\/kc.uniza.sk\/wp-content\/uploads\/2025\/08\/Material-pre-potreby-VS-Povedomie-ucitelov-o-hrozbach-online-sveta.pdf\">Stiahnu\u0165 PDF<\/a><\/p><h4><strong>Expertn\u00e1 \u010dinnos\u0165<\/strong><\/h4><p><span style=\"font-size: 17px; letter-spacing: 0.1px;\">Kompeten\u010dn\u00e9 centrum kybernetickej bezpe\u010dnosti UNIZA sa podie\u013ea na pr\u00edprave vy\u017eiadan\u00fdch spr\u00e1v, koncepci\u00ed, formovan\u00ed legislat\u00edvnych dokumentov v oblasti KIB, \u010di u\u017e v podobe \u00fa\u010dast\u00ed v expertn\u00fdch skupin\u00e1ch, pripomienkovania alebo odborn\u00fdch stanov\u00edsk k zaslan\u00fdm dokumentom a in\u00e9.<\/span><strong><br \/><\/strong><\/p><p>Po\u010das rie\u0161enia projektu boli spracovan\u00e9 dve odborn\u00e9 stanovisk\u00e1 pre \u00fastredn\u00e9 org\u00e1ny verejnej spr\u00e1vy, a to <strong><em>Pripomienky k n\u00e1vrhu z\u00e1kona o zabezpe\u010den\u00ed ochrany fyzick\u00fdch os\u00f4b pri sprac\u00favan\u00ed osobn\u00fdch \u00fadajov<\/em> <em>a o zmene a doplnen\u00ed niektor\u00fdch<\/em><\/strong> (LP\/2025\/305) pre \u00darad na ochranu osobn\u00fdch \u00fadajov a <strong><em>Pripomienky k zaslan\u00e9mu materi\u00e1lu n\u00e1vrhu vyhl\u00e1\u0161ky N\u00e1rodn\u00e9ho bezpe\u010dnostn\u00e9ho \u00faradu o bezpe\u010dnostn\u00fdch opatreniach<\/em><\/strong>.<\/p><p>D\u0148a 29.7.2025 bolo v Bratislave realizovan\u00e9 stretnutie s predsedn\u00ed\u010dkou \u00daradu na ochranu osobn\u00fdch \u00fadajov, kde boli preberan\u00e9 zaslan\u00e9 pripomienky k\u00a0nov\u00e9mu z\u00e1konu o\u00a0ochrane osobn\u00fdch \u00fadajov. <em><strong>Pripomienky k n\u00e1vrhu z\u00e1kona o zabezpe\u010den\u00ed ochrany fyzick\u00fdch os\u00f4b pri sprac\u00favan\u00ed osobn\u00fdch \u00fadajov a o zmene a doplnen\u00ed niektor\u00fdch predpisov<\/strong><\/em> (LP\/2025\/305).<\/p>\t\t\t\t\t\t\t\t<\/div>\n\t\t\t\t<\/div>\n\t\t\t\t<div class=\"elementor-element elementor-element-f6059c4 sc_height_large sc_fly_static elementor-widget elementor-widget-spacer\" data-id=\"f6059c4\" data-element_type=\"widget\" data-widget_type=\"spacer.default\">\n\t\t\t\t<div class=\"elementor-widget-container\">\n\t\t\t\t\t\t\t<div class=\"elementor-spacer\">\n\t\t\t<div class=\"elementor-spacer-inner\"><\/div>\n\t\t<\/div>\n\t\t\t\t\t\t<\/div>\n\t\t\t\t<\/div>\n\t\t\t\t\t<\/div>\n\t\t<\/div>\n\t\t\t\t\t<\/div>\n\t\t<\/section>\n\t\t\t\t<\/div>\n\t\t","protected":false},"excerpt":{"rendered":"<p>Metodick\u00e9 materi\u00e1ly pre verejn\u00fa spr\u00e1vu a expertn\u00e1 \u010dinnos\u0165 Metodick\u00e9 materi\u00e1ly pre verejn\u00fa spr\u00e1vu Za \u00fa\u010delom poskytovania metodickej podpory pre verejn\u00fa spr\u00e1vu, KC KYB UNIZA systematicky sprac\u00fava metodick\u00e9 materi\u00e1ly. V\u00a0r\u00e1mci projektu&hellip;<\/p>\n","protected":false},"author":1,"featured_media":0,"parent":0,"menu_order":0,"comment_status":"closed","ping_status":"closed","template":"","meta":{"footnotes":""},"class_list":["post-1557","page","type-page","status-publish","hentry"],"yoast_head":"<!-- This site is optimized with the Yoast SEO plugin v25.1 - https:\/\/yoast.com\/wordpress\/plugins\/seo\/ -->\n<title>Metodick\u00e9 materi\u00e1ly pre verejn\u00fa spr\u00e1vu a expertn\u00e1 \u010dinnos\u0165 - Kompeten\u010dn\u00e9 centrum kybernetickej bezpe\u010dnosti UNIZA<\/title>\n<meta name=\"robots\" content=\"index, follow, max-snippet:-1, max-image-preview:large, max-video-preview:-1\" \/>\n<link rel=\"canonical\" href=\"https:\/\/kc.uniza.sk\/?page_id=1557\" \/>\n<meta property=\"og:locale\" content=\"sk_SK\" \/>\n<meta property=\"og:type\" content=\"article\" \/>\n<meta property=\"og:title\" content=\"Metodick\u00e9 materi\u00e1ly pre verejn\u00fa spr\u00e1vu a expertn\u00e1 \u010dinnos\u0165 - Kompeten\u010dn\u00e9 centrum kybernetickej bezpe\u010dnosti UNIZA\" \/>\n<meta property=\"og:description\" content=\"Metodick\u00e9 materi\u00e1ly pre verejn\u00fa spr\u00e1vu a expertn\u00e1 \u010dinnos\u0165 Metodick\u00e9 materi\u00e1ly pre verejn\u00fa spr\u00e1vu Za \u00fa\u010delom poskytovania metodickej podpory pre verejn\u00fa spr\u00e1vu, KC KYB UNIZA systematicky sprac\u00fava metodick\u00e9 materi\u00e1ly. V\u00a0r\u00e1mci projektu&hellip;\" \/>\n<meta property=\"og:url\" content=\"https:\/\/kc.uniza.sk\/?page_id=1557\" \/>\n<meta property=\"og:site_name\" content=\"Kompeten\u010dn\u00e9 centrum kybernetickej bezpe\u010dnosti UNIZA\" \/>\n<meta property=\"article:modified_time\" content=\"2026-03-29T16:15:43+00:00\" \/>\n<meta name=\"twitter:card\" content=\"summary_large_image\" \/>\n<meta name=\"twitter:label1\" content=\"Predpokladan\u00fd \u010das \u010d\u00edtania\" \/>\n\t<meta name=\"twitter:data1\" content=\"3 min\u00faty\" \/>\n<script type=\"application\/ld+json\" class=\"yoast-schema-graph\">{\"@context\":\"https:\/\/schema.org\",\"@graph\":[{\"@type\":\"WebPage\",\"@id\":\"https:\/\/kc.uniza.sk\/?page_id=1557\",\"url\":\"https:\/\/kc.uniza.sk\/?page_id=1557\",\"name\":\"Metodick\u00e9 materi\u00e1ly pre verejn\u00fa spr\u00e1vu a expertn\u00e1 \u010dinnos\u0165 - Kompeten\u010dn\u00e9 centrum kybernetickej bezpe\u010dnosti UNIZA\",\"isPartOf\":{\"@id\":\"https:\/\/kc.uniza.sk\/#website\"},\"datePublished\":\"2026-03-26T10:02:44+00:00\",\"dateModified\":\"2026-03-29T16:15:43+00:00\",\"breadcrumb\":{\"@id\":\"https:\/\/kc.uniza.sk\/?page_id=1557#breadcrumb\"},\"inLanguage\":\"sk-SK\",\"potentialAction\":[{\"@type\":\"ReadAction\",\"target\":[\"https:\/\/kc.uniza.sk\/?page_id=1557\"]}]},{\"@type\":\"BreadcrumbList\",\"@id\":\"https:\/\/kc.uniza.sk\/?page_id=1557#breadcrumb\",\"itemListElement\":[{\"@type\":\"ListItem\",\"position\":1,\"name\":\"Domovsk\u00e1 str\u00e1nka\",\"item\":\"https:\/\/kc.uniza.sk\/\"},{\"@type\":\"ListItem\",\"position\":2,\"name\":\"Metodick\u00e9 materi\u00e1ly pre verejn\u00fa spr\u00e1vu a expertn\u00e1 \u010dinnos\u0165\"}]},{\"@type\":\"WebSite\",\"@id\":\"https:\/\/kc.uniza.sk\/#website\",\"url\":\"https:\/\/kc.uniza.sk\/\",\"name\":\"Kompeten\u010dn\u00e9 centrum kybernetickej bezpe\u010dnosti UNIZA\",\"description\":\"\",\"publisher\":{\"@id\":\"https:\/\/kc.uniza.sk\/#organization\"},\"potentialAction\":[{\"@type\":\"SearchAction\",\"target\":{\"@type\":\"EntryPoint\",\"urlTemplate\":\"https:\/\/kc.uniza.sk\/?s={search_term_string}\"},\"query-input\":{\"@type\":\"PropertyValueSpecification\",\"valueRequired\":true,\"valueName\":\"search_term_string\"}}],\"inLanguage\":\"sk-SK\"},{\"@type\":\"Organization\",\"@id\":\"https:\/\/kc.uniza.sk\/#organization\",\"name\":\"Kompeten\u010dn\u00e9 centrum kybernetickej bezpe\u010dnosti UNIZA\",\"url\":\"https:\/\/kc.uniza.sk\/\",\"logo\":{\"@type\":\"ImageObject\",\"inLanguage\":\"sk-SK\",\"@id\":\"https:\/\/kc.uniza.sk\/#\/schema\/logo\/image\/\",\"url\":\"https:\/\/kc.uniza.sk\/wp-content\/uploads\/2025\/03\/cropped-2-1-e1741152780415.png\",\"contentUrl\":\"https:\/\/kc.uniza.sk\/wp-content\/uploads\/2025\/03\/cropped-2-1-e1741152780415.png\",\"width\":402,\"height\":97,\"caption\":\"Kompeten\u010dn\u00e9 centrum kybernetickej bezpe\u010dnosti UNIZA\"},\"image\":{\"@id\":\"https:\/\/kc.uniza.sk\/#\/schema\/logo\/image\/\"}}]}<\/script>\n<!-- \/ Yoast SEO plugin. -->","yoast_head_json":{"title":"Metodick\u00e9 materi\u00e1ly pre verejn\u00fa spr\u00e1vu a expertn\u00e1 \u010dinnos\u0165 - Kompeten\u010dn\u00e9 centrum kybernetickej bezpe\u010dnosti UNIZA","robots":{"index":"index","follow":"follow","max-snippet":"max-snippet:-1","max-image-preview":"max-image-preview:large","max-video-preview":"max-video-preview:-1"},"canonical":"https:\/\/kc.uniza.sk\/?page_id=1557","og_locale":"sk_SK","og_type":"article","og_title":"Metodick\u00e9 materi\u00e1ly pre verejn\u00fa spr\u00e1vu a expertn\u00e1 \u010dinnos\u0165 - Kompeten\u010dn\u00e9 centrum kybernetickej bezpe\u010dnosti UNIZA","og_description":"Metodick\u00e9 materi\u00e1ly pre verejn\u00fa spr\u00e1vu a expertn\u00e1 \u010dinnos\u0165 Metodick\u00e9 materi\u00e1ly pre verejn\u00fa spr\u00e1vu Za \u00fa\u010delom poskytovania metodickej podpory pre verejn\u00fa spr\u00e1vu, KC KYB UNIZA systematicky sprac\u00fava metodick\u00e9 materi\u00e1ly. V\u00a0r\u00e1mci projektu&hellip;","og_url":"https:\/\/kc.uniza.sk\/?page_id=1557","og_site_name":"Kompeten\u010dn\u00e9 centrum kybernetickej bezpe\u010dnosti UNIZA","article_modified_time":"2026-03-29T16:15:43+00:00","twitter_card":"summary_large_image","twitter_misc":{"Predpokladan\u00fd \u010das \u010d\u00edtania":"3 min\u00faty"},"schema":{"@context":"https:\/\/schema.org","@graph":[{"@type":"WebPage","@id":"https:\/\/kc.uniza.sk\/?page_id=1557","url":"https:\/\/kc.uniza.sk\/?page_id=1557","name":"Metodick\u00e9 materi\u00e1ly pre verejn\u00fa spr\u00e1vu a expertn\u00e1 \u010dinnos\u0165 - Kompeten\u010dn\u00e9 centrum kybernetickej bezpe\u010dnosti UNIZA","isPartOf":{"@id":"https:\/\/kc.uniza.sk\/#website"},"datePublished":"2026-03-26T10:02:44+00:00","dateModified":"2026-03-29T16:15:43+00:00","breadcrumb":{"@id":"https:\/\/kc.uniza.sk\/?page_id=1557#breadcrumb"},"inLanguage":"sk-SK","potentialAction":[{"@type":"ReadAction","target":["https:\/\/kc.uniza.sk\/?page_id=1557"]}]},{"@type":"BreadcrumbList","@id":"https:\/\/kc.uniza.sk\/?page_id=1557#breadcrumb","itemListElement":[{"@type":"ListItem","position":1,"name":"Domovsk\u00e1 str\u00e1nka","item":"https:\/\/kc.uniza.sk\/"},{"@type":"ListItem","position":2,"name":"Metodick\u00e9 materi\u00e1ly pre verejn\u00fa spr\u00e1vu a expertn\u00e1 \u010dinnos\u0165"}]},{"@type":"WebSite","@id":"https:\/\/kc.uniza.sk\/#website","url":"https:\/\/kc.uniza.sk\/","name":"Kompeten\u010dn\u00e9 centrum kybernetickej bezpe\u010dnosti UNIZA","description":"","publisher":{"@id":"https:\/\/kc.uniza.sk\/#organization"},"potentialAction":[{"@type":"SearchAction","target":{"@type":"EntryPoint","urlTemplate":"https:\/\/kc.uniza.sk\/?s={search_term_string}"},"query-input":{"@type":"PropertyValueSpecification","valueRequired":true,"valueName":"search_term_string"}}],"inLanguage":"sk-SK"},{"@type":"Organization","@id":"https:\/\/kc.uniza.sk\/#organization","name":"Kompeten\u010dn\u00e9 centrum kybernetickej bezpe\u010dnosti UNIZA","url":"https:\/\/kc.uniza.sk\/","logo":{"@type":"ImageObject","inLanguage":"sk-SK","@id":"https:\/\/kc.uniza.sk\/#\/schema\/logo\/image\/","url":"https:\/\/kc.uniza.sk\/wp-content\/uploads\/2025\/03\/cropped-2-1-e1741152780415.png","contentUrl":"https:\/\/kc.uniza.sk\/wp-content\/uploads\/2025\/03\/cropped-2-1-e1741152780415.png","width":402,"height":97,"caption":"Kompeten\u010dn\u00e9 centrum kybernetickej bezpe\u010dnosti UNIZA"},"image":{"@id":"https:\/\/kc.uniza.sk\/#\/schema\/logo\/image\/"}}]}},"_links":{"self":[{"href":"https:\/\/kc.uniza.sk\/index.php?rest_route=\/wp\/v2\/pages\/1557","targetHints":{"allow":["GET"]}}],"collection":[{"href":"https:\/\/kc.uniza.sk\/index.php?rest_route=\/wp\/v2\/pages"}],"about":[{"href":"https:\/\/kc.uniza.sk\/index.php?rest_route=\/wp\/v2\/types\/page"}],"author":[{"embeddable":true,"href":"https:\/\/kc.uniza.sk\/index.php?rest_route=\/wp\/v2\/users\/1"}],"replies":[{"embeddable":true,"href":"https:\/\/kc.uniza.sk\/index.php?rest_route=%2Fwp%2Fv2%2Fcomments&post=1557"}],"version-history":[{"count":19,"href":"https:\/\/kc.uniza.sk\/index.php?rest_route=\/wp\/v2\/pages\/1557\/revisions"}],"predecessor-version":[{"id":2122,"href":"https:\/\/kc.uniza.sk\/index.php?rest_route=\/wp\/v2\/pages\/1557\/revisions\/2122"}],"wp:attachment":[{"href":"https:\/\/kc.uniza.sk\/index.php?rest_route=%2Fwp%2Fv2%2Fmedia&parent=1557"}],"curies":[{"name":"wp","href":"https:\/\/api.w.org\/{rel}","templated":true}]}}