{"id":1569,"date":"2026-03-26T09:53:38","date_gmt":"2026-03-26T09:53:38","guid":{"rendered":"https:\/\/kc.uniza.sk\/?page_id=1569"},"modified":"2026-03-29T17:09:47","modified_gmt":"2026-03-29T17:09:47","slug":"odborne-poradenstvo","status":"publish","type":"page","link":"https:\/\/kc.uniza.sk\/?page_id=1569","title":{"rendered":"Odborn\u00e9 poradenstvo"},"content":{"rendered":"\t\t<div data-elementor-type=\"wp-page\" data-elementor-id=\"1569\" class=\"elementor elementor-1569\">\n\t\t\t\t\t\t<section class=\"elementor-section elementor-top-section elementor-element elementor-element-a9da772 elementor-section-boxed elementor-section-height-default elementor-section-height-default sc_fly_static\" data-id=\"a9da772\" data-element_type=\"section\">\n\t\t\t\t\t\t<div class=\"elementor-container elementor-column-gap-extended\">\n\t\t\t\t\t<div class=\"elementor-column elementor-col-100 elementor-top-column elementor-element elementor-element-1b55759 sc_content_align_inherit sc_layouts_column_icons_position_left sc_fly_static\" data-id=\"1b55759\" data-element_type=\"column\">\n\t\t\t<div class=\"elementor-widget-wrap elementor-element-populated\">\n\t\t\t\t\t\t<div class=\"elementor-element elementor-element-8bcb77c sc_height_small sc_fly_static elementor-widget elementor-widget-spacer\" data-id=\"8bcb77c\" data-element_type=\"widget\" data-widget_type=\"spacer.default\">\n\t\t\t\t<div class=\"elementor-widget-container\">\n\t\t\t\t\t\t\t<div class=\"elementor-spacer\">\n\t\t\t<div class=\"elementor-spacer-inner\"><\/div>\n\t\t<\/div>\n\t\t\t\t\t\t<\/div>\n\t\t\t\t<\/div>\n\t\t\t\t\t<\/div>\n\t\t<\/div>\n\t\t\t\t\t<\/div>\n\t\t<\/section>\n\t\t\t\t<section class=\"elementor-section elementor-top-section elementor-element elementor-element-6386df51 elementor-section-content-middle elementor-section-boxed elementor-section-height-default elementor-section-height-default sc_fly_static\" data-id=\"6386df51\" data-element_type=\"section\">\n\t\t\t\t\t\t<div class=\"elementor-container elementor-column-gap-extended\">\n\t\t\t\t\t<div class=\"elementor-column elementor-col-100 elementor-top-column elementor-element elementor-element-12d5d9cf sc_content_align_inherit sc_layouts_column_icons_position_left sc_fly_static\" data-id=\"12d5d9cf\" data-element_type=\"column\">\n\t\t\t<div class=\"elementor-widget-wrap elementor-element-populated\">\n\t\t\t\t\t\t<div class=\"elementor-element elementor-element-373750c5 sc_fly_static elementor-widget elementor-widget-trx_sc_title\" data-id=\"373750c5\" data-element_type=\"widget\" data-widget_type=\"trx_sc_title.default\">\n\t\t\t\t<div class=\"elementor-widget-container\">\n\t\t\t\t\t<div\t\tclass=\"sc_title sc_title_default\" ><h2 class=\"sc_item_title sc_title_title sc_item_title_style_default sc_item_title_tag\"\n\t\t\t><span class=\"sc_item_title_text\">Odborn\u00e9 poradenstvo<\/span><\/h2><\/div>\t\t\t\t<\/div>\n\t\t\t\t<\/div>\n\t\t\t\t<div class=\"elementor-element elementor-element-65e2946 sc_height_small sc_fly_static elementor-widget elementor-widget-spacer\" data-id=\"65e2946\" data-element_type=\"widget\" data-widget_type=\"spacer.default\">\n\t\t\t\t<div class=\"elementor-widget-container\">\n\t\t\t\t\t\t\t<div class=\"elementor-spacer\">\n\t\t\t<div class=\"elementor-spacer-inner\"><\/div>\n\t\t<\/div>\n\t\t\t\t\t\t<\/div>\n\t\t\t\t<\/div>\n\t\t\t\t<div class=\"elementor-element elementor-element-10be80b sc_fly_static elementor-widget elementor-widget-text-editor\" data-id=\"10be80b\" data-element_type=\"widget\" data-widget_type=\"text-editor.default\">\n\t\t\t\t<div class=\"elementor-widget-container\">\n\t\t\t\t\t\t\t\t\t<p>Po\u010das rie\u0161enia projektu bolo poskytovan\u00e9 odborn\u00e9 poradenstvo zameran\u00e9 na pr\u00edpravu spolo\u010dn\u00e9ho projektu rie\u0161iaceho cezhrani\u010dn\u00e9 v\u00fdzvy, najm\u00e4 v r\u00e1mci programu\u00a0<strong>Horizon Europe \u2013 Cluster 3<\/strong>. Toto poradenstvo bolo realizovan\u00e9 v r\u00e1mci medzin\u00e1rodn\u00e9ho workshopu\u00a0<strong><em>Cybersecurity in Motion: A Collaborative Workshop<\/em><\/strong>\u00a0v Bruseli, ktor\u00e9ho \u00fa\u010dastn\u00edkom bol aj poradca pre oblas\u0165 kybernetickej bezpe\u010dnosti za Slovensk\u00fa republiku. V r\u00e1mci podujatia prebehla prezent\u00e1cia vytvorenia Kompeten\u010dn\u00e9ho centra kybernetickej bezpe\u010dnosti UNIZA financovan\u00e9ho z Pl\u00e1nu obnovy a odolnosti SR a odborn\u00e9 diskusie so z\u00e1stupcami viacer\u00fdch eur\u00f3pskych kraj\u00edn k mo\u017enostiam spolo\u010dnej projektovej spolupr\u00e1ce.<\/p>\t\t\t\t\t\t\t\t<\/div>\n\t\t\t\t<\/div>\n\t\t\t\t<div class=\"elementor-element elementor-element-f6059c4 sc_height_small sc_fly_static elementor-widget elementor-widget-spacer\" data-id=\"f6059c4\" data-element_type=\"widget\" data-widget_type=\"spacer.default\">\n\t\t\t\t<div class=\"elementor-widget-container\">\n\t\t\t\t\t\t\t<div class=\"elementor-spacer\">\n\t\t\t<div class=\"elementor-spacer-inner\"><\/div>\n\t\t<\/div>\n\t\t\t\t\t\t<\/div>\n\t\t\t\t<\/div>\n\t\t\t\t\t<\/div>\n\t\t<\/div>\n\t\t\t\t\t<\/div>\n\t\t<\/section>\n\t\t<div class=\"elementor-element elementor-element-7fdec63 e-flex e-con-boxed sc_layouts_column_icons_position_left e-con e-parent\" data-id=\"7fdec63\" data-element_type=\"container\">\n\t\t\t\t\t<div class=\"e-con-inner\">\n\t\t\t\t<div class=\"elementor-element elementor-element-3a34e28 sc_fly_static elementor-widget elementor-widget-image\" data-id=\"3a34e28\" data-element_type=\"widget\" data-widget_type=\"image.default\">\n\t\t\t\t<div class=\"elementor-widget-container\">\n\t\t\t\t\t\t\t\t\t\t\t\t\t\t\t<img fetchpriority=\"high\" decoding=\"async\" width=\"743\" height=\"1024\" src=\"https:\/\/kc.uniza.sk\/wp-content\/uploads\/2026\/03\/Brusel-2025-Cybersecurity-in-Motion-743x1024.png\" class=\"attachment-large size-large wp-image-2157\" alt=\"\" srcset=\"https:\/\/kc.uniza.sk\/wp-content\/uploads\/2026\/03\/Brusel-2025-Cybersecurity-in-Motion-743x1024.png 743w, https:\/\/kc.uniza.sk\/wp-content\/uploads\/2026\/03\/Brusel-2025-Cybersecurity-in-Motion-218x300.png 218w, https:\/\/kc.uniza.sk\/wp-content\/uploads\/2026\/03\/Brusel-2025-Cybersecurity-in-Motion-768x1059.png 768w, https:\/\/kc.uniza.sk\/wp-content\/uploads\/2026\/03\/Brusel-2025-Cybersecurity-in-Motion-1114x1536.png 1114w, https:\/\/kc.uniza.sk\/wp-content\/uploads\/2026\/03\/Brusel-2025-Cybersecurity-in-Motion-370x510.png 370w, https:\/\/kc.uniza.sk\/wp-content\/uploads\/2026\/03\/Brusel-2025-Cybersecurity-in-Motion-840x1158.png 840w, https:\/\/kc.uniza.sk\/wp-content\/uploads\/2026\/03\/Brusel-2025-Cybersecurity-in-Motion-410x565.png 410w, https:\/\/kc.uniza.sk\/wp-content\/uploads\/2026\/03\/Brusel-2025-Cybersecurity-in-Motion-600x827.png 600w, https:\/\/kc.uniza.sk\/wp-content\/uploads\/2026\/03\/Brusel-2025-Cybersecurity-in-Motion.png 1290w\" sizes=\"(max-width: 743px) 100vw, 743px\" \/>\t\t\t\t\t\t\t\t\t\t\t\t\t\t\t<\/div>\n\t\t\t\t<\/div>\n\t\t\t\t<div class=\"elementor-element elementor-element-235ccdf sc_height_small sc_fly_static elementor-widget elementor-widget-spacer\" data-id=\"235ccdf\" data-element_type=\"widget\" data-widget_type=\"spacer.default\">\n\t\t\t\t<div class=\"elementor-widget-container\">\n\t\t\t\t\t\t\t<div class=\"elementor-spacer\">\n\t\t\t<div class=\"elementor-spacer-inner\"><\/div>\n\t\t<\/div>\n\t\t\t\t\t\t<\/div>\n\t\t\t\t<\/div>\n\t\t\t\t\t<\/div>\n\t\t\t\t<\/div>\n\t\t\t\t<\/div>\n\t\t","protected":false},"excerpt":{"rendered":"<p>Odborn\u00e9 poradenstvo Po\u010das rie\u0161enia projektu bolo poskytovan\u00e9 odborn\u00e9 poradenstvo zameran\u00e9 na pr\u00edpravu spolo\u010dn\u00e9ho projektu rie\u0161iaceho cezhrani\u010dn\u00e9 v\u00fdzvy, najm\u00e4 v r\u00e1mci programu\u00a0Horizon Europe \u2013 Cluster 3. Toto poradenstvo bolo realizovan\u00e9 v&hellip;<\/p>\n","protected":false},"author":1,"featured_media":0,"parent":0,"menu_order":0,"comment_status":"closed","ping_status":"closed","template":"","meta":{"footnotes":""},"class_list":["post-1569","page","type-page","status-publish","hentry"],"yoast_head":"<!-- This site is optimized with the Yoast SEO plugin v25.1 - https:\/\/yoast.com\/wordpress\/plugins\/seo\/ -->\n<title>Odborn\u00e9 poradenstvo - Kompeten\u010dn\u00e9 centrum kybernetickej bezpe\u010dnosti UNIZA<\/title>\n<meta name=\"robots\" content=\"index, follow, max-snippet:-1, max-image-preview:large, max-video-preview:-1\" \/>\n<link rel=\"canonical\" href=\"https:\/\/kc.uniza.sk\/?page_id=1569\" \/>\n<meta property=\"og:locale\" content=\"sk_SK\" \/>\n<meta property=\"og:type\" content=\"article\" \/>\n<meta property=\"og:title\" content=\"Odborn\u00e9 poradenstvo - Kompeten\u010dn\u00e9 centrum kybernetickej bezpe\u010dnosti UNIZA\" \/>\n<meta property=\"og:description\" content=\"Odborn\u00e9 poradenstvo Po\u010das rie\u0161enia projektu bolo poskytovan\u00e9 odborn\u00e9 poradenstvo zameran\u00e9 na pr\u00edpravu spolo\u010dn\u00e9ho projektu rie\u0161iaceho cezhrani\u010dn\u00e9 v\u00fdzvy, najm\u00e4 v r\u00e1mci programu\u00a0Horizon Europe \u2013 Cluster 3. Toto poradenstvo bolo realizovan\u00e9 v&hellip;\" \/>\n<meta property=\"og:url\" content=\"https:\/\/kc.uniza.sk\/?page_id=1569\" \/>\n<meta property=\"og:site_name\" content=\"Kompeten\u010dn\u00e9 centrum kybernetickej bezpe\u010dnosti UNIZA\" \/>\n<meta property=\"article:modified_time\" content=\"2026-03-29T17:09:47+00:00\" \/>\n<meta property=\"og:image\" content=\"https:\/\/kc.uniza.sk\/wp-content\/uploads\/2026\/03\/Brusel-2025-Cybersecurity-in-Motion.png\" \/>\n\t<meta property=\"og:image:width\" content=\"1290\" \/>\n\t<meta property=\"og:image:height\" content=\"1779\" \/>\n\t<meta property=\"og:image:type\" content=\"image\/png\" \/>\n<meta name=\"twitter:card\" content=\"summary_large_image\" \/>\n<meta name=\"twitter:label1\" content=\"Predpokladan\u00fd \u010das \u010d\u00edtania\" \/>\n\t<meta name=\"twitter:data1\" content=\"1 min\u00fata\" \/>\n<script type=\"application\/ld+json\" class=\"yoast-schema-graph\">{\"@context\":\"https:\/\/schema.org\",\"@graph\":[{\"@type\":\"WebPage\",\"@id\":\"https:\/\/kc.uniza.sk\/?page_id=1569\",\"url\":\"https:\/\/kc.uniza.sk\/?page_id=1569\",\"name\":\"Odborn\u00e9 poradenstvo - Kompeten\u010dn\u00e9 centrum kybernetickej bezpe\u010dnosti UNIZA\",\"isPartOf\":{\"@id\":\"https:\/\/kc.uniza.sk\/#website\"},\"primaryImageOfPage\":{\"@id\":\"https:\/\/kc.uniza.sk\/?page_id=1569#primaryimage\"},\"image\":{\"@id\":\"https:\/\/kc.uniza.sk\/?page_id=1569#primaryimage\"},\"thumbnailUrl\":\"http:\/\/kc.uniza.sk\/wp-content\/uploads\/2026\/03\/Brusel-2025-Cybersecurity-in-Motion-743x1024.png\",\"datePublished\":\"2026-03-26T09:53:38+00:00\",\"dateModified\":\"2026-03-29T17:09:47+00:00\",\"breadcrumb\":{\"@id\":\"https:\/\/kc.uniza.sk\/?page_id=1569#breadcrumb\"},\"inLanguage\":\"sk-SK\",\"potentialAction\":[{\"@type\":\"ReadAction\",\"target\":[\"https:\/\/kc.uniza.sk\/?page_id=1569\"]}]},{\"@type\":\"ImageObject\",\"inLanguage\":\"sk-SK\",\"@id\":\"https:\/\/kc.uniza.sk\/?page_id=1569#primaryimage\",\"url\":\"https:\/\/kc.uniza.sk\/wp-content\/uploads\/2026\/03\/Brusel-2025-Cybersecurity-in-Motion.png\",\"contentUrl\":\"https:\/\/kc.uniza.sk\/wp-content\/uploads\/2026\/03\/Brusel-2025-Cybersecurity-in-Motion.png\",\"width\":1290,\"height\":1779},{\"@type\":\"BreadcrumbList\",\"@id\":\"https:\/\/kc.uniza.sk\/?page_id=1569#breadcrumb\",\"itemListElement\":[{\"@type\":\"ListItem\",\"position\":1,\"name\":\"Domovsk\u00e1 str\u00e1nka\",\"item\":\"https:\/\/kc.uniza.sk\/\"},{\"@type\":\"ListItem\",\"position\":2,\"name\":\"Odborn\u00e9 poradenstvo\"}]},{\"@type\":\"WebSite\",\"@id\":\"https:\/\/kc.uniza.sk\/#website\",\"url\":\"https:\/\/kc.uniza.sk\/\",\"name\":\"Kompeten\u010dn\u00e9 centrum kybernetickej bezpe\u010dnosti UNIZA\",\"description\":\"\",\"publisher\":{\"@id\":\"https:\/\/kc.uniza.sk\/#organization\"},\"potentialAction\":[{\"@type\":\"SearchAction\",\"target\":{\"@type\":\"EntryPoint\",\"urlTemplate\":\"https:\/\/kc.uniza.sk\/?s={search_term_string}\"},\"query-input\":{\"@type\":\"PropertyValueSpecification\",\"valueRequired\":true,\"valueName\":\"search_term_string\"}}],\"inLanguage\":\"sk-SK\"},{\"@type\":\"Organization\",\"@id\":\"https:\/\/kc.uniza.sk\/#organization\",\"name\":\"Kompeten\u010dn\u00e9 centrum kybernetickej bezpe\u010dnosti UNIZA\",\"url\":\"https:\/\/kc.uniza.sk\/\",\"logo\":{\"@type\":\"ImageObject\",\"inLanguage\":\"sk-SK\",\"@id\":\"https:\/\/kc.uniza.sk\/#\/schema\/logo\/image\/\",\"url\":\"https:\/\/kc.uniza.sk\/wp-content\/uploads\/2025\/03\/cropped-2-1-e1741152780415.png\",\"contentUrl\":\"https:\/\/kc.uniza.sk\/wp-content\/uploads\/2025\/03\/cropped-2-1-e1741152780415.png\",\"width\":402,\"height\":97,\"caption\":\"Kompeten\u010dn\u00e9 centrum kybernetickej bezpe\u010dnosti UNIZA\"},\"image\":{\"@id\":\"https:\/\/kc.uniza.sk\/#\/schema\/logo\/image\/\"}}]}<\/script>\n<!-- \/ Yoast SEO plugin. -->","yoast_head_json":{"title":"Odborn\u00e9 poradenstvo - Kompeten\u010dn\u00e9 centrum kybernetickej bezpe\u010dnosti UNIZA","robots":{"index":"index","follow":"follow","max-snippet":"max-snippet:-1","max-image-preview":"max-image-preview:large","max-video-preview":"max-video-preview:-1"},"canonical":"https:\/\/kc.uniza.sk\/?page_id=1569","og_locale":"sk_SK","og_type":"article","og_title":"Odborn\u00e9 poradenstvo - Kompeten\u010dn\u00e9 centrum kybernetickej bezpe\u010dnosti UNIZA","og_description":"Odborn\u00e9 poradenstvo Po\u010das rie\u0161enia projektu bolo poskytovan\u00e9 odborn\u00e9 poradenstvo zameran\u00e9 na pr\u00edpravu spolo\u010dn\u00e9ho projektu rie\u0161iaceho cezhrani\u010dn\u00e9 v\u00fdzvy, najm\u00e4 v r\u00e1mci programu\u00a0Horizon Europe \u2013 Cluster 3. Toto poradenstvo bolo realizovan\u00e9 v&hellip;","og_url":"https:\/\/kc.uniza.sk\/?page_id=1569","og_site_name":"Kompeten\u010dn\u00e9 centrum kybernetickej bezpe\u010dnosti UNIZA","article_modified_time":"2026-03-29T17:09:47+00:00","og_image":[{"width":1290,"height":1779,"url":"https:\/\/kc.uniza.sk\/wp-content\/uploads\/2026\/03\/Brusel-2025-Cybersecurity-in-Motion.png","type":"image\/png"}],"twitter_card":"summary_large_image","twitter_misc":{"Predpokladan\u00fd \u010das \u010d\u00edtania":"1 min\u00fata"},"schema":{"@context":"https:\/\/schema.org","@graph":[{"@type":"WebPage","@id":"https:\/\/kc.uniza.sk\/?page_id=1569","url":"https:\/\/kc.uniza.sk\/?page_id=1569","name":"Odborn\u00e9 poradenstvo - Kompeten\u010dn\u00e9 centrum kybernetickej bezpe\u010dnosti UNIZA","isPartOf":{"@id":"https:\/\/kc.uniza.sk\/#website"},"primaryImageOfPage":{"@id":"https:\/\/kc.uniza.sk\/?page_id=1569#primaryimage"},"image":{"@id":"https:\/\/kc.uniza.sk\/?page_id=1569#primaryimage"},"thumbnailUrl":"http:\/\/kc.uniza.sk\/wp-content\/uploads\/2026\/03\/Brusel-2025-Cybersecurity-in-Motion-743x1024.png","datePublished":"2026-03-26T09:53:38+00:00","dateModified":"2026-03-29T17:09:47+00:00","breadcrumb":{"@id":"https:\/\/kc.uniza.sk\/?page_id=1569#breadcrumb"},"inLanguage":"sk-SK","potentialAction":[{"@type":"ReadAction","target":["https:\/\/kc.uniza.sk\/?page_id=1569"]}]},{"@type":"ImageObject","inLanguage":"sk-SK","@id":"https:\/\/kc.uniza.sk\/?page_id=1569#primaryimage","url":"https:\/\/kc.uniza.sk\/wp-content\/uploads\/2026\/03\/Brusel-2025-Cybersecurity-in-Motion.png","contentUrl":"https:\/\/kc.uniza.sk\/wp-content\/uploads\/2026\/03\/Brusel-2025-Cybersecurity-in-Motion.png","width":1290,"height":1779},{"@type":"BreadcrumbList","@id":"https:\/\/kc.uniza.sk\/?page_id=1569#breadcrumb","itemListElement":[{"@type":"ListItem","position":1,"name":"Domovsk\u00e1 str\u00e1nka","item":"https:\/\/kc.uniza.sk\/"},{"@type":"ListItem","position":2,"name":"Odborn\u00e9 poradenstvo"}]},{"@type":"WebSite","@id":"https:\/\/kc.uniza.sk\/#website","url":"https:\/\/kc.uniza.sk\/","name":"Kompeten\u010dn\u00e9 centrum kybernetickej bezpe\u010dnosti UNIZA","description":"","publisher":{"@id":"https:\/\/kc.uniza.sk\/#organization"},"potentialAction":[{"@type":"SearchAction","target":{"@type":"EntryPoint","urlTemplate":"https:\/\/kc.uniza.sk\/?s={search_term_string}"},"query-input":{"@type":"PropertyValueSpecification","valueRequired":true,"valueName":"search_term_string"}}],"inLanguage":"sk-SK"},{"@type":"Organization","@id":"https:\/\/kc.uniza.sk\/#organization","name":"Kompeten\u010dn\u00e9 centrum kybernetickej bezpe\u010dnosti UNIZA","url":"https:\/\/kc.uniza.sk\/","logo":{"@type":"ImageObject","inLanguage":"sk-SK","@id":"https:\/\/kc.uniza.sk\/#\/schema\/logo\/image\/","url":"https:\/\/kc.uniza.sk\/wp-content\/uploads\/2025\/03\/cropped-2-1-e1741152780415.png","contentUrl":"https:\/\/kc.uniza.sk\/wp-content\/uploads\/2025\/03\/cropped-2-1-e1741152780415.png","width":402,"height":97,"caption":"Kompeten\u010dn\u00e9 centrum kybernetickej bezpe\u010dnosti UNIZA"},"image":{"@id":"https:\/\/kc.uniza.sk\/#\/schema\/logo\/image\/"}}]}},"_links":{"self":[{"href":"https:\/\/kc.uniza.sk\/index.php?rest_route=\/wp\/v2\/pages\/1569","targetHints":{"allow":["GET"]}}],"collection":[{"href":"https:\/\/kc.uniza.sk\/index.php?rest_route=\/wp\/v2\/pages"}],"about":[{"href":"https:\/\/kc.uniza.sk\/index.php?rest_route=\/wp\/v2\/types\/page"}],"author":[{"embeddable":true,"href":"https:\/\/kc.uniza.sk\/index.php?rest_route=\/wp\/v2\/users\/1"}],"replies":[{"embeddable":true,"href":"https:\/\/kc.uniza.sk\/index.php?rest_route=%2Fwp%2Fv2%2Fcomments&post=1569"}],"version-history":[{"count":10,"href":"https:\/\/kc.uniza.sk\/index.php?rest_route=\/wp\/v2\/pages\/1569\/revisions"}],"predecessor-version":[{"id":2160,"href":"https:\/\/kc.uniza.sk\/index.php?rest_route=\/wp\/v2\/pages\/1569\/revisions\/2160"}],"wp:attachment":[{"href":"https:\/\/kc.uniza.sk\/index.php?rest_route=%2Fwp%2Fv2%2Fmedia&parent=1569"}],"curies":[{"name":"wp","href":"https:\/\/api.w.org\/{rel}","templated":true}]}}